
In base 3, what is 22201102211 - 1001?
22201101210
In base 6, what is -511 + 135154?
134243
In base 7, what is -4 - -53110?
53103
In base 5, what is 41214 + -241?
40423
In base 2, what is -1000110111 + -101001010011?
-110010001010
In base 6, what is -5 + -2205420?
-2205425
In base 2, what is 1010100110 + -10100?
1010010010
In base 3, what is 111000222 + 120?
111001112
In base 12, what is -95 - 149a?
-1573
In base 13, what is -12571 - -3?
-1256b
In base 4, what is -231111 - 32?
-231203
In base 2, what is 101 + 1011111111000101011?
1011111111000110000
In base 4, what is -11330301332 + 2?
-11330301330
In base 8, what is -661052 + 5?
-661045
In base 7, what is 1021002 - 4?
1020665
In base 13, what is -3 + 14669?
14666
In base 13, what is 4 - c968?
-c964
In base 8, what is -3 - -17000?
16775
In base 7, what is 5 + -1016540?
-1016532
In base 4, what is 330300 - 11102?
313132
In base 10, what is 16531 + 13?
16544
In base 12, what is -2261 + -6?
-2267
In base 16, what is -5 - -184d?
1848
In base 15, what is -5 + -11816?
-1181b
In base 16, what is -167b - 73?
-16ee
In base 11, what is -1622 - -68?
-1565
In base 8, what is 111 + 11217?
11330
In base 4, what is -23313303 + -11?
-23313320
In base 7, what is 31443 - -30?
31503
In base 9, what is -377521 + -5?
-377526
In base 14, what is -2a0a + -1d9?
-2c05
In base 7, what is -616 - -11163?
10244
In base 16, what is -2 + -36625?
-36627
In base 7, what is -44 + -54131?
-54205
In base 9, what is -5333 + -3?
-5336
In base 10, what is 815 + 23?
838
In base 10, what is 9054 - -3?
9057
In base 13, what is 30 - -728?
758
In base 6, what is -123 + -315141?
-315304
In base 8, what is 511 + -405?
104
In base 5, what is 14 - 1432?
-1413
In base 5, what is 200 + 2242?
2442
In base 15, what is -2ab - 1b3?
-46e
In base 10, what is -829 - -3?
-826
In base 10, what is 304 + -1653?
-1349
In base 16, what is -93 - 9b?
-12e
In base 8, what is -606545 + 24?
-606521
In base 16, what is 2a + -ad1?
-aa7
In base 15, what is -6d4dc + -a?
-6d4e7
In base 7, what is -5 + 5203603?
5203565
In base 13, what is -1 + 9bb65?
9bb64
In base 12, what is -669 - a1?
-74a
In base 7, what is -164 + -31306?
-31503
In base 2, what is 0 - -100001000000110?
100001000000110
In base 9, what is -37680 - 1?
-37681
In base 12, what is 44448 + -6?
44442
In base 3, what is -2 - 112010022211?
-112010022220
In base 2, what is -10010000011001101 - -100?
-10010000011001001
In base 9, what is 155262 + 34?
155306
In base 13, what is -1 - 1aca3?
-1aca4
In base 9, what is -62573 + 2?
-62571
In base 16, what is 3c21c - -4?
3c220
In base 14, what is d + 1a020?
1a02d
In base 10, what is 1 - -7724?
7725
In base 3, what is 0 - -111011112?
111011112
In base 4, what is 1303 - 2002?
-33
In base 10, what is -1 + 68268?
68267
In base 9, what is -16 - 7004?
-7021
In base 3, what is 21012212 + -10212?
21002000
In base 15, what is 492a6 - 2?
492a4
In base 16, what is -12e - -a8?
-86
In base 7, what is -1126 + 221?
-605
In base 8, what is -2525 - 153?
-2700
In base 2, what is 10001011 - 1001010111110?
-1001000110011
In base 16, what is -80 + -9ec?
-a6c
In base 3, what is 2120211010 - -10?
2120211020
In base 9, what is 0 - -113866?
113866
In base 12, what is 160 - -469?
609
In base 11, what is 1 + -8a91a?
-8a919
In base 5, what is -2140414 - 32?
-2141001
In base 12, what is 66b9 - a6?
6613
In base 5, what is -4 + -2133?
-2142
In base 12, what is 7 + -6a36?
-6a2b
In base 11, what is -45a83 + -24?
-45aa7
In base 15, what is -115b12 + 3?
-115b0e
In base 14, what is 17 + 2643?
265a
In base 11, what is 25 + -22a0?
-2276
In base 6, what is -4 + -340133?
-340141
In base 15, what is 0 + 11787?
11787
In base 13, what is -c390 + 10?
-c380
In base 3, what is -1000112 + -2000?
-1002112
In base 9, what is -1 - 476251?
-476252
In base 16, what is 1e6 + 10?
1f6
In base 14, what is -38 + -72a?
-764
In base 12, what is -27a4008 + -4?
-27a4010
In base 8, what is 1332 - 4067?
-2535
In base 5, what is 10234 + -1123?
4111
In base 8, what is 537202 + -2?
537200
In base 7, what is 30030524 - -2?
30030526
In base 4, what is 100303000 + -11?
100302323
In base 14, what is -22 - 5d891?
-5d8b3
In base 5, what is -1 + -3231?
-3232
In base 2, what is 1000110 - 11011010110011?
-11011001101101
In base 9, what is 5022462 - -5?
5022467
In base 14, what is -258 + -3c5b?
-40b5
In base 8, what is 112723 - -2?
112725
In base 6, what is 2231234 - -5?
2231243
In base 4, what is -1023202 - 12?
-1023220
In base 16, what is -1 - 174d?
-174e
In base 6, what is -131411 - -5?
-131402
In base 2, what is 1011 - -1111000101?
1111010000
In base 4, what is 131210000 - -2?
131210002
In base 13, what is 3 + -4b6b?
-4b68
In base 7, what is -21553 + -101?
-21654
In base 16, what is -986d5d - -1?
-986d5c
In base 15, what is -3 + -215ec8?
-215ecb
In base 9, what is 13707 - 2?
13705
In base 9, what is 112314 - -4?
112318
In base 8, what is -2 - -2474673?
2474671
In base 12, what is 3826b + 6?
38275
In base 12, what is -1433a0 - 3?
-1433a3
In base 12, what is -5 - -5981?
5978
In base 12, what is 3 - -96061?
96064
In base 11, what is -2a + -219?
-248
In base 2, what is -100 - -100001010110011111?
100001010110011011
In base 9, what is -74828 - 8?
-74837
In base 10, what is -383 - 6?
-389
In base 14, what is 1391 - 93?
12dc
In base 5, what is -4 - 11023333?
-11023342
In base 13, what is -2773c3 + -8?
-2773cb
In base 4, what is 3 - 11120003?
-11120000
In base 10, what is -14 + 19077?
19063
In base 9, what is -2486 - -175?
-2311
In base 13, what is 13761 - -3?
13764
In base 12, what is 252 + -204?
4a
In base 9, what is -14 - 3561?
-3575
In base 15, what is 5 - 10c30?
-10c2a
In base 11, what is -132506 + 0?
-132506
In base 15, what is 10 - -1331?
1341
In base 13, what is 0 + 3966b9?
3966b9
In base 2, what is 1100111010010100 - 1?
1100111010010011
In base 3, what is -11110021121 - 11?
-11110021202
In base 12, what is 12159 + -6a?
120ab
In base 3, what is 1 + 100210212?
100210220
In base 15, what is 7 + a497?
a49e
In base 10, what is 87341 - 4?
87337
In base 8, what is -4 - 132012?
-132016
In base 11, what is -7 + -25074?
-25080
In base 4, what is 1003 - -12212?
13221
In base 4, what is 23023111 + 11?
23023122
In base 10, what is 16 - -254?
270
In base 11, what is -13 + -2a99?
-3001
In base 6, what is 15 + -54001?
-53542
In base 4, what is 10 - -1032220?
1032230
In base 12, what is -8242 + 4b?
-81b3
In base 15, what is 5 - -37a6?
37ab
In base 14, what is -3943 + 5?
-393c
In base 14, what is 49b + -125?
376
In base 10, what is -1 - 860?
-861
In base 13, what is 6990b8 - -5?
6990c0
In base 4, what is -1032 - -330200?
323102
In base 2, what is 10101111 - 1111000?
110111
In base 5, what is -22 + -33202?
-33224
In base 3, what is 111 + 102100?
102211
In base 8, what is -3 + 25723?
25720
In base 2, what is 101110010110 - -1100101?
101111111011
In base 7, what is 1432 - -62?
1524
In base 2, what is 11100011 - 11110101100001?
-11110001111110
In base 9, what is -241447 - 2?
-241450
In base 7, what is -224 - 111065?
-111322
In base 9, what is -366212 + 2?
-366210
In base 12, what is -17343 - -3?
-17340
In base 8, what is 72665 - -36?
72723
In base 4, what is -3 + -10300232?
-10300301
In base 5, what is 210433 - -131?
211114
In base 11, what is -4 + 25668?
25664
In base 13, what is 63115 - -9?
63121
In base 10, what is -2 - 11914?
-11916
In base 9, what is 1880 + 41?
2031
In base 12, what is 1113a3 - 14?
11138b
In base 13, what is 5c + 71?
100
In base 15, what is -725 + 24?
-701
In base 13, what is -1 + -1003?
-1004
In base 6, what is -201 + 230042?
225441
In base 6, what is -523 + 3520?
2553
In base 15, what is -24a7b - -2?
-24a79
In base 12, what is 100 - -16?
116
In base 5, what is 2413031 - 0?
2413031
In base 6, what is 211233 + 2?
211235
In base 12, what is -40b0 + 95?
-4017
In base 11, what is 30883 + -36?
30848
In base 9, what is -11 + -32680?
-32701
In base 7, what is 1212050 + -5?
1212042
In base 14, what is 34 - -51?
85
In base 5, what is 130301 - 14?
130232
In base 6, what is -1322512 - 5?
-1322521
In base 9, what is 165557 + 0?
165557
In base 13, what is -17b805 - 2?
-17b807
In base 2, what is 11100100011100111 - 11001?
11100100011001110
In base 12, what is 2a + 19000?
1902a
In base 14, what is -d + -829b5?
-829c4
In base 16, what is -1588